{"id":387,"date":"2011-07-22T11:02:01","date_gmt":"2011-07-22T11:02:01","guid":{"rendered":"http:\/\/wp.compound.ait.sk\/?page_id=387"},"modified":"2021-03-12T14:48:25","modified_gmt":"2021-03-12T14:48:25","slug":"a-regiao","status":"publish","type":"page","link":"https:\/\/lindoverde.pt\/site\/a-regiao\/","title":{"rendered":"A Regi\u00e3o"},"content":{"rendered":"<p>Quem c\u00e1 vive sabe o que tem. Quem c\u00e1 vem, quer vir mais vezes. \u00c9 uma regi\u00e3o bonita. O verde predomina, com o azul dos rios e represas a rasgar a paisagem.<\/p>\n","protected":false},"excerpt":{"rendered":"<p>Quem c\u00e1 vive sabe o que tem. Quem c\u00e1 vem, quer vir mais vezes. \u00c9 uma regi\u00e3o bonita. O verde predomina, com o azul dos rios e represas a rasgar a paisagem.<\/p>\n","protected":false},"author":1,"featured_media":0,"parent":0,"menu_order":10,"comment_status":"closed","ping_status":"closed","template":"page-fullwidth.php","meta":{"footnotes":""},"class_list":["post-387","page","type-page","status-publish","hentry"],"_links":{"self":[{"href":"https:\/\/lindoverde.pt\/site\/wp-json\/wp\/v2\/pages\/387","targetHints":{"allow":["GET"]}}],"collection":[{"href":"https:\/\/lindoverde.pt\/site\/wp-json\/wp\/v2\/pages"}],"about":[{"href":"https:\/\/lindoverde.pt\/site\/wp-json\/wp\/v2\/types\/page"}],"author":[{"embeddable":true,"href":"https:\/\/lindoverde.pt\/site\/wp-json\/wp\/v2\/users\/1"}],"replies":[{"embeddable":true,"href":"https:\/\/lindoverde.pt\/site\/wp-json\/wp\/v2\/comments?post=387"}],"version-history":[{"count":6,"href":"https:\/\/lindoverde.pt\/site\/wp-json\/wp\/v2\/pages\/387\/revisions"}],"predecessor-version":[{"id":5038,"href":"https:\/\/lindoverde.pt\/site\/wp-json\/wp\/v2\/pages\/387\/revisions\/5038"}],"wp:attachment":[{"href":"https:\/\/lindoverde.pt\/site\/wp-json\/wp\/v2\/media?parent=387"}],"curies":[{"name":"wp","href":"https:\/\/api.w.org\/{rel}","templated":true}]}}