{"id":7,"date":"2011-12-19T12:21:55","date_gmt":"2011-12-19T12:21:55","guid":{"rendered":"http:\/\/preview.ait-themes.com\/guesthouse\/?page_id=7"},"modified":"2012-04-19T16:02:43","modified_gmt":"2012-04-19T16:02:43","slug":"home","status":"publish","type":"page","link":"https:\/\/lindoverde.pt\/site\/","title":{"rendered":"In\u00edcio"},"content":{"rendered":"<h3>Visite-nos no cora\u00e7\u00e3o do <strong>PARQUE NACIONAL DA PENEDA GER\u00caS<\/strong> e descubra o que temos para lhe oferecer. Aproveite as nossas promo\u00e7\u00f5es de inverno que o ger\u00eas lhe pode proporcionar. <strong>LINDO VERDE<\/strong>, a escolha acertada!<\/h3>\n","protected":false},"excerpt":{"rendered":"<p>Visite-nos no cora\u00e7\u00e3o do PARQUE NACIONAL DA PENEDA GER\u00caS e descubra o que temos para lhe oferecer. Aproveite as nossas promo\u00e7\u00f5es de inverno que o ger\u00eas lhe pode proporcionar. LINDO VERDE, a escolha acertada!<\/p>\n","protected":false},"author":1,"featured_media":0,"parent":0,"menu_order":0,"comment_status":"open","ping_status":"open","template":"homepage.php","meta":{"footnotes":""},"class_list":["post-7","page","type-page","status-publish","hentry"],"_links":{"self":[{"href":"https:\/\/lindoverde.pt\/site\/wp-json\/wp\/v2\/pages\/7","targetHints":{"allow":["GET"]}}],"collection":[{"href":"https:\/\/lindoverde.pt\/site\/wp-json\/wp\/v2\/pages"}],"about":[{"href":"https:\/\/lindoverde.pt\/site\/wp-json\/wp\/v2\/types\/page"}],"author":[{"embeddable":true,"href":"https:\/\/lindoverde.pt\/site\/wp-json\/wp\/v2\/users\/1"}],"replies":[{"embeddable":true,"href":"https:\/\/lindoverde.pt\/site\/wp-json\/wp\/v2\/comments?post=7"}],"version-history":[{"count":8,"href":"https:\/\/lindoverde.pt\/site\/wp-json\/wp\/v2\/pages\/7\/revisions"}],"predecessor-version":[{"id":4925,"href":"https:\/\/lindoverde.pt\/site\/wp-json\/wp\/v2\/pages\/7\/revisions\/4925"}],"wp:attachment":[{"href":"https:\/\/lindoverde.pt\/site\/wp-json\/wp\/v2\/media?parent=7"}],"curies":[{"name":"wp","href":"https:\/\/api.w.org\/{rel}","templated":true}]}}